s of 139480334.
2, 7, 103, 197, 491
List the prime factors of 672820213.
13, 29, 53, 151, 223
List the prime factors of 1045650524.
2, 261412631
List the prime factors of 2502209.
2502209
What are the prime factors of 11723063?
11, 1065733
List the prime factors of 39382616.
2, 7, 13, 47, 1151
What are the prime factors of 3039290608?
2, 10151, 18713
What are the prime factors of 30996817?
191, 162287
What are the prime factors of 248172317?
89, 2788453
List the prime factors of 16298581.
13, 1253737
What are the prime factors of 5864464?
2, 19, 101, 191
List the prime factors of 91831438.
2, 45915719
List the prime factors of 556288669.
19, 149, 196499
What are the prime factors of 113540222?
2, 79, 151, 4759
What are the prime factors of 549925374?
2, 3, 41, 2235469
What are the prime factors of 31257573?
3, 10419191
List the prime factors of 1140968119.
113, 1009, 10007
What are the prime factors of 90958721?
7, 17, 23, 167, 199
List the prime factors of 243390715.
5, 23, 2116441
List the prime factors of 12806656.
2, 25013
List the prime factors of 37562232.
2, 3, 41, 59, 647
What are the prime factors of 1267064266?
2, 13, 48733241
What are the prime factors of 7691710?
2, 5, 13, 59167
List the prime factors of 2251762317.
3, 7, 37, 59, 2339
What are the prime factors of 1636300715?
5, 7, 43, 197, 5519
What are the prime factors of 175135066?
2, 47, 977, 1907
List the prime factors of 316681039.
37, 181, 47287
List the prime factors of 19680952.
2, 283, 8693
What are the prime factors of 47681029?
11, 97, 44687
List the prime factors of 2958101763.
3, 986033921
List the prime factors of 711397883.
7, 311, 326779
What are the prime factors of 98052591?
3, 7, 13, 359167
What are the prime factors of 72430091?
72430091
What are the prime factors of 1622177408?
2, 29, 43, 10163
What are the prime factors of 232852928?
2, 7, 11, 47251
What are the prime factors of 247919552?
2, 3873743
List the prime factors of 723789752.
2, 7, 12924817
What are the prime factors of 304094958?
2, 3, 109, 491, 947
List the prime factors of 52453955.
5, 10490791
List the prime factors of 2033395936.
2, 11, 13, 431, 1031
List the prime factors of 125574019.
17, 1303, 5669
What are the prime factors of 76942595?
5, 17, 905207
List the prime factors of 387935650.
2, 5, 47, 165079
What are the prime factors of 87689246?
2, 191, 229553
List the prime factors of 1885878139.
12539, 150401
What are the prime factors of 281023471?
19, 41, 360749
List the prime factors of 2793363988.
2, 37, 18874081
What are the prime factors of 6714994586?
2, 7459, 450127
What are the prime factors of 214144695?
3, 5, 1586257
List the prime factors of 542610595.
5, 23, 4718353
What are the prime factors of 1321356010?
2, 5, 13, 10164277
List the prime factors of 30217061.
7, 1621, 2663
List the prime factors of 551760003.
3, 29, 2114023
List the prime factors of 516632897.
11, 46966627
List the prime factors of 58542557.
58542557
List the prime factors of 30018094.
2, 251, 59797
List the prime factors of 401053683.
3, 1973, 67757
List the prime factors of 25740783.
3, 2860087
What are the prime factors of 90570499?
31, 2921629
List the prime factors of 2274607.
73, 31159
What are the prime factors of 100365811?
7, 13, 1102921
List the prime factors of 37652156.
2, 9413039
What are the prime factors of 843676100?
2, 5, 461, 18301
What are the prime factors of 286308911?
7, 5843039
List the prime factors of 638755049.
9791, 65239
List the prime factors of 436749948.
2, 3, 31, 73, 1787
What are the prime factors of 1320818495?
5, 264163699
What are the prime factors of 73910816?
2, 7, 47137
What are the prime factors of 153950554?
2, 76975277
What are the prime factors of 68162859?
3, 79, 95869
List the prime factors of 798721740.
2, 3, 5, 67, 103, 643
What are the prime factors of 6347958938?
2, 19, 263, 409, 1553
List the prime factors of 240703411.
13, 73, 253639
List the prime factors of 2653011654.
2, 3, 79, 70849
What are the prime factors of 133569396?
2, 3, 271, 13691
List the prime factors of 1015381743.
3, 107, 647, 4889
List the prime factors of 5632704.
2, 3, 7, 11, 127
List the prime factors of 8514064.
2, 13, 40933
What are the prime factors of 120375107?
107, 1125001
What are the prime factors of 3584762091?
3, 19, 20963521
List the prime factors of 384792567.
3, 128264189
List the prime factors of 2235190930.
2, 5, 7, 31931299
List the prime factors of 1985165557.
1985165557
List the prime factors of 1002649931.
19, 4093, 12893
What are the prime factors of 761720073?
3, 37, 6862343
List the prime factors of 1832982213.
3, 610994071
What are the prime factors of 81129396?
2, 3, 6760783
What are the prime factors of 107460272?
2, 6716267
List the prime factors of 85552148.
2, 11, 881, 2207
List the prime factors of 1553238184.
2, 17, 11420869
List the prime factors of 51894458.
2, 7, 11, 336977
What are the prime factors of 4440271463?
17, 23, 11356193
What are the prime factors of 301595324?
2, 75398831
What are the prime factors of 812755410?
2, 3, 5, 27091847
List the prime factors of 1299284739.
3, 83, 579779
What are the prime factors of 43631179?
43631179
List the prime factors of 7143079.
7143079
List the prime factors of 45997078.
2, 22998539
List the prime factors of 1119906093.
3, 17, 31, 708353
List the prime factors of 65839206.
2, 3, 37, 157, 1889
What are the prime factors of 36156003?
3, 13, 927077
What are the prime factors of 2813700011?
503, 5593837
List the prime factors of 2203931668.
2, 23, 23955779
What are the prime factors of 101365548?
2, 3, 8447129
List the prime factors of 942516541.
17333, 54377
List the prime factors of 66472342.
2, 101, 109, 3019
What are the prime factors of 3755763198?
2, 3, 11, 1609, 11789
What are the prime factors of 60145547?
7, 11, 781111
What are the prime factors of 14304408?
2, 3, 41, 14537
List the prime factors of 2406862852.
2, 41, 73, 127, 1583
What are the prime factors of 50279886?
2, 3, 23, 40483
What are the prime factors of 94842867?
3, 7, 4516327
What are the prime factors of 256647755?
5, 7, 13, 564061
List the prime factors of 34847763.
3, 29, 263, 1523
What are the prime factors of 1463840088?
2, 3, 31, 647, 3041
List the prime factors of 387524104.
2, 11, 4403683
List the prime factors of 182503854.
2, 3, 13, 19, 4561
List the prime factors of 1112276471.
79, 139, 199, 509
List the prime factors of 45698916.
2, 3, 3808243
What are the prime factors of 49463818?
2, 397, 62297
List the prime factors of 903219953.
903219953
List the prime factors of 3027224841.
3, 389, 2594023
List the prime factors of 45398849.
23, 31, 41, 1553
List the prime factors of 29299693.
877, 33409
List the prime factors of 33014804.
2, 37, 6029
What are the prime factors of 4367482612?
2, 271, 293, 13751
What are the prime factors of 46148429?
31, 97, 103, 149
List the prime factors of 3336500.
2, 5, 6673
List the prime factors of 745601652.
2, 3, 37, 186587
What are the prime factors of 3449027157?
3, 97, 11852327
What are the prime factors of 134385892?
2, 33596473
List the prime factors of 177453131.
43, 4126817
What are the prime factors of 540530094?
2, 3, 13, 211, 32843
What are the prime factors of 269799133?
269799133
What are the prime factors of 99166491?
3, 17, 19, 83, 137
List the prime factors of 258833007.
3, 17, 23, 73553
List the prime factors of 149184294.
2, 3, 7, 29, 53, 2311
What are the prime factors of 39671796?
2, 3, 3305983
What are the prime factors of 13397223?
3, 7, 19, 33577
What are the prime factors of 118664203?
7, 16952029
List the prime factors of 4168715073.
3, 233, 5963827
List the prime factors of 97920804.
2, 3, 43, 109, 1741
What are the prime factors of 146644864?
2, 41, 27943
List the prime factors of 110847986.
2, 109, 508477
List the prime factors of 283917886.
2, 7, 20279849
What are the prime factors of 350449027?
9619, 36433
List the prime factors of 327986577.
3, 149971
List the prime factors of 328220700.
2, 3, 5, 17, 139, 463
List the prime factors of 795628174.
2, 11, 36164917
List the prime factors of 559288337.
37, 149, 101449
What are the prime factors of 3805776383?
17, 223869199
List the prime factors of 2166381892.
2, 4111, 131743
What are the prime factors of 29840230?
2,